6). Suppose 3*w + 780 = g*w. What is the highest common factor of w and 15?
15
Suppose 0 = -3*f + 2*f - 3*w + 108, 2*f + w - 196 = 0. Let j = 36 + f. What is the greatest common divisor of 44 and j?
44
Suppose -18*z + 10 = 5*c - 13*z, 0 = -c - 5*z - 10. Suppose -c*m + 2*g + 383 = 4*g, -3*m = -2*g - 233. Calculate the highest common divisor of 14 and m.
7
Suppose -25*n = -46687 + 46537. Calculate the highest common factor of 1299 and n.
3
Suppose -2*u = u - 3*t - 6840, -5*u + 11350 = 5*t. What is the highest common divisor of u and 70?
35
Suppose -630 = -11*t + 483 + 735. Calculate the highest common factor of 4200 and t.
168
Let k(l) = -183 + 3*l + 34 + 2*l. Let h be k(38). What is the highest common divisor of h and 41?
41
Let a(j) = 6104*j + 86. Let k be a(1). What is the greatest common divisor of k and 10?
10
Let b(x) = -14*x + 528. Let m be b(24). Calculate the highest common divisor of m and 2528.
32
Suppose -142 = -2*g + 5*u + 14, -4*u = -5*g + 407. Let k = g - 26. What is the highest common factor of 152 and k?
19
Let l be 23/(-92) + -2*2/(-16). Suppose -5*v + 20 = l, -5*d + v + 121 = 5*v. Calculate the greatest common factor of 3 and d.
3
Let l = 388 - 548. Let n = -130 - l. Calculate the greatest common divisor of 465 and n.
15
Let v(t) = -t**2 + 24*t - 17. Let q be v(23). Suppose 0 = -5*w + 26 - q. Let u be (-7 + 2)/(-1)*w/10. Calculate the greatest common divisor of u and 2.
2
Let l be (378/36)/(2/32). What is the highest common divisor of l and 546?
42
Let r = 771 + -609. Suppose 0*x - 15 = -3*x. Suppose -3*u - 413 = -x*t + 136, 3*t - 5*u - 339 = 0. What is the greatest common factor of r and t?
54
Let y(v) = -v**3 + 29*v**2 + 21*v + 5. Let c be y(28). Calculate the greatest common divisor of 405 and c.
81
Suppose -2*t + 7*u + 26503 = 0, -3*t + 32*u + 39712 = 30*u. Calculate the greatest common divisor of t and 26.
26
Suppose 460 = 5*q + j, -3*j + 4*j = -5. What is the highest common factor of q and 3503?
31
Let v be (-15)/(-25)*-7*(-3 + 2/(-6)). Let j be (4/(-3))/((-2)/231). What is the greatest common divisor of j and v?
14
Let q = 17 + 25. Suppose -2*l + 1670 = 5*v, 59*l - 63*l = 3*v - 988. Calculate the greatest common divisor of q and v.
42
Suppose -930 + 135 = -3*a. Let y = a - 166. What is the greatest common factor of 22 and y?
11
Let q = -6650 + 6858. Let n be (-2 + (1 - 1))*-2. What is the greatest common factor of n and q?
4
Let f(w) = 8*w**2 - 19*w - 15. Let g be f(-1). What is the highest common factor of 3132 and g?
12
Suppose -2*o - 1120 = -3*q, -2*q + 25*o = 30*o - 753. What is the highest common divisor of q and 55?
11
Let i(a) = -a**2 - 21*a - 104. Let v be i(-7). Let s be v/4*((-91)/3 + 5). What is the highest common factor of s and 152?
38
Suppose 680 = 44*o - 45*o. Let i = o + 706. Calculate the greatest common divisor of 234 and i.
26
Let g = -284 - -296. Suppose -5*r + 135 = 2*d, -d + 72 = -g*r + 10*r. What is the greatest common divisor of 4 and d?
2
Let j = -34558 - -53104. What is the highest common divisor of 44 and j?
22
Suppose -m = -2*q + 10 + 34, 5*q = 5. Let x be 5*(7/m + (-469)/(-6)). What is the highest common factor of x and 60?
30
Suppose 141 = 32*b - 11*b + 36. Calculate the greatest common factor of 7465 and b.
5
Let y(c) = -302*c + 536. Let m be y(1). What is the greatest common divisor of 6435 and m?
117
Let j(y) = -y**2 + 20*y + 2. Let f be j(20). Suppose -f*o + 13 = -11. Let t be o/(-24)*(-104 - 0). Calculate the greatest common divisor of t and 13.
13
Let x be (1*54)/(4/22). Let p = 27468 - 27457. What is the highest common factor of x and p?
11
Suppose -s - 121*f + 117*f = -152, -2*s + f + 232 = 0. What is the greatest common divisor of s and 23940?
60
Let v be (-36)/28 + 1 + (-1354)/14. Let r = -99 - v. Let s be (0 - r - 6)*-1. Calculate the highest common divisor of s and 16.
4
Suppose 9*p = 328 - 1156. Let r = -28 - p. Calculate the highest common factor of r and 160.
32
Suppose 15788 + 1172 = 214*z - 49166. What is the greatest common factor of 3193 and z?
103
Let d = -10149 + 13419. What is the greatest common divisor of 30 and d?
30
Let z be ((-28)/15 + (-12)/90)/2. Let u be 1/(-1) + (-1522)/(z + -1). Suppose -5*g + 9*g = u. Calculate the highest common divisor of g and 19.
19
Let u(y) = 7*y**2 - 19*y + 27. Let o(w) = -13*w**2 + 37*w - 52. Let q(p) = 6*o(p) + 11*u(p). Let z be q(9). What is the greatest common factor of 609 and z?
21
Let k(s) = 33*s + 2972. Let y be k(-76). Calculate the greatest common divisor of 352 and y.
16
Suppose 0 = -3*r - 7*l + 2*l + 243, 11*l - 405 = -5*r. Calculate the highest common factor of r and 13203.
81
Let c(g) = -124*g - 17538. Let t be c(-142). Let y be (1 - (-2)/3)*18. What is the greatest common factor of y and t?
10
Let s be 4/(-1) + (-228)/(-10 - 9). What is the highest common divisor of 388 and s?
4
Let s be (-22)/(-2970)*2709 + 2/(-30). What is the highest common divisor of 10300 and s?
20
Let u(b) be the first derivative of -7/2*b**2 - 11/3*b**3 + 10*b - 3 + 1/4*b**4. Let o be u(12). What is the highest common factor of 10 and o?
10
Let q(z) = 43*z + 1982. Let p be q(-24). Calculate the greatest common divisor of 722 and p.
38
Suppose 4*s - 151 = -o, -178*s - 51 = -180*s + 3*o. What is the greatest common divisor of s and 8478?
18
Let u(h) = 25946*h + 299. Let j be u(1). Calculate the greatest common factor of 58 and j.
29
Let i be ((-4)/(-5))/((-501)/(-140280)). Let c(b) = 66*b - 4. Let z be c(6). What is the highest common divisor of i and z?
56
Let d(s) = -174*s - 1902. Let t be d(-11). Suppose -2*v + 3*v = 12. Calculate the highest common factor of v and t.
12
Suppose -4*g - 465 = -5*g. Suppose -6*z = 25*z - g. Calculate the highest common divisor of z and 165.
15
Suppose -4*p - 176*y + 43995 = -173*y, 0 = -3*p + y + 33006. What is the highest common factor of p and 114?
57
Let j = -96 - -161. Let x = j + 46. Suppose 4*h - o = -0*o + 125, 3*h - x = -5*o. Calculate the greatest common divisor of h and 80.
16
Let g(z) = 227*z - 746. Let c be g(14). Calculate the greatest common factor of 8 and c.
8
Let o = 2223 + -2145. Calculate the greatest common divisor of o and 4173.
39
Let l = -85 + 89. Suppose -l*f + 9 = -m, 3*f = -2*m - 2*m + 40. Let c(j) = -5*j + 3. Let o be c(-12). What is the greatest common factor of o and m?
7
Let n be (-2079)/594 + 798/4. Let u be 1/((-444)/(-441) - 1). Calculate the highest common factor of n and u.
49
Suppose -2*q + n + 401 - 16 = 0, 383 = 2*q + n. What is the highest common divisor of q and 4736?
64
Suppose 0 = -2*f - 15*f + 16575. Let s = f - 805. Calculate the greatest common divisor of s and 20.
10
Suppose -p - 33 = 4*f, p - 39 = 2*f + 6*p. Let d(w) = 2*w + 31. Let j be d(f). Calculate the highest common divisor of 68 and j.
17
Suppose -4*i + 11*k - 6*k = -108, 4*k + 16 = 0. Let z = -20 + i. Suppose z*s - 27 = 45. Calculate the highest common factor of 4 and s.
4
Let k = -2438 + 3542. What is the greatest common divisor of k and 207?
69
Let t(d) = 2*d**3 + 14*d**2 - 291*d + 29. Let i be t(9). Calculate the highest common factor of 1382 and i.
2
Let y(n) = 10*n**2 + 162*n + 104. Let k be y(-17). Calculate the greatest common factor of 220 and k.
20
Let t = -309 - -533. What is the greatest common factor of t and 840?
56
Let z(q) = 103*q**2 + 95*q + 3. Let h be z(3). What is the greatest common factor of 45 and h?
45
Let b = -1151 - -1841. What is the highest common divisor of b and 270?
30
Suppose 0 = -5*c + b + 244, 3*c + b - 164 = 6*b. Let l = 166 - 112. Suppose 5*v = -6*j + 3*j + l, 6 = -3*j. What is the greatest common divisor of v and c?
12
Let z = 165 + -159. Suppose 4*m + z*n - 4*n - 124 = 0, -3*n - 84 = -3*m. What is the greatest common factor of m and 345?
15
Suppose 3890*d = 3887*d + 552. Calculate the greatest common divisor of d and 69.
23
Let p = 3582 - 1739. Calculate the greatest common factor of 19 and p.
19
Let t(u) = 27*u - 7. Let w be t(3). Let q = w + -68. Let z be (-10)/q*12/(-10). What is the greatest common factor of z and 5?
1
Suppose 118*c - 4388 - 43166 = 0. Calculate the highest common divisor of 465 and c.
31
Let q be ((-5)/(-10) - 2 - (-1 - 0))*-294. What is the greatest common factor of 2842 and q?
49
Let s(m) be the third derivative of 19*m**4/24 + m**3/6 - 28*m**2 +